der when 268 is divided by 21.
16
What is the remainder when 91 is divided by 23?
22
What is the remainder when 289 is divided by 14?
9
Calculate the remainder when 956 is divided by 20.
16
What is the remainder when 55 is divided by 36?
19
Calculate the remainder when 205 is divided by 13.
10
What is the remainder when 648 is divided by 128?
8
Calculate the remainder when 466 is divided by 7.
4
What is the remainder when 1343 is divided by 35?
13
Calculate the remainder when 1747 is divided by 97.
1
Calculate the remainder when 317 is divided by 164.
153
What is the remainder when 4111 is divided by 147?
142
What is the remainder when 179 is divided by 100?
79
What is the remainder when 103 is divided by 13?
12
What is the remainder when 4662 is divided by 10?
2
Calculate the remainder when 39 is divided by 25.
14
Calculate the remainder when 390 is divided by 14.
12
Calculate the remainder when 198 is divided by 50.
48
Calculate the remainder when 630 is divided by 106.
100
What is the remainder when 756 is divided by 218?
102
Calculate the remainder when 358 is divided by 52.
46
What is the remainder when 172 is divided by 56?
4
Calculate the remainder when 6884 is divided by 21.
17
What is the remainder when 60 is divided by 22?
16
What is the remainder when 663 is divided by 83?
82
Calculate the remainder when 829 is divided by 178.
117
Calculate the remainder when 1847 is divided by 282.
155
Calculate the remainder when 429 is divided by 113.
90
Calculate the remainder when 18141 is divided by 63.
60
What is the remainder when 140 is divided by 36?
32
What is the remainder when 829 is divided by 52?
49
What is the remainder when 2449 is divided by 38?
17
Calculate the remainder when 94 is divided by 31.
1
Calculate the remainder when 499 is divided by 18.
13
What is the remainder when 2129 is divided by 41?
38
What is the remainder when 183 is divided by 60?
3
Calculate the remainder when 349 is divided by 18.
7
What is the remainder when 1543 is divided by 219?
10
Calculate the remainder when 211 is divided by 48.
19
What is the remainder when 466 is divided by 39?
37
Calculate the remainder when 460 is divided by 56.
12
What is the remainder when 135 is divided by 19?
2
Calculate the remainder when 221 is divided by 42.
11
Calculate the remainder when 174 is divided by 15.
9
Calculate the remainder when 533 is divided by 255.
23
What is the remainder when 1249 is divided by 74?
65
Calculate the remainder when 298 is divided by 44.
34
What is the remainder when 108 is divided by 28?
24
What is the remainder when 34 is divided by 9?
7
Calculate the remainder when 154 is divided by 38.
2
Calculate the remainder when 115 is divided by 8.
3
Calculate the remainder when 191 is divided by 16.
15
What is the remainder when 762 is divided by 71?
52
What is the remainder when 58 is divided by 16?
10
Calculate the remainder when 2276 is divided by 17.
15
Calculate the remainder when 1401 is divided by 23.
21
Calculate the remainder when 2119 is divided by 101.
99
What is the remainder when 271 is divided by 62?
23
What is the remainder when 44040 is divided by 19?
17
Calculate the remainder when 1503 is divided by 27.
18
What is the remainder when 170 is divided by 65?
40
Calculate the remainder when 9 is divided by 7.
2
What is the remainder when 36 is divided by 15?
6
Calculate the remainder when 3925 is divided by 60.
25
Calculate the remainder when 814 is divided by 163.
162
Calculate the remainder when 464 is divided by 33.
2
What is the remainder when 1115 is divided by 48?
11
What is the remainder when 4975 is divided by 1650?
25
Calculate the remainder when 54 is divided by 19.
16
What is the remainder when 10839 is divided by 13?
10
Calculate the remainder when 6808 is divided by 24.
16
What is the remainder when 57 is divided by 26?
5
What is the remainder when 1510 is divided by 63?
61
Calculate the remainder when 7048 is divided by 53.
52
What is the remainder when 138 is divided by 29?
22
What is the remainder when 3317 is divided by 11?
6
What is the remainder when 806 is divided by 15?
11
Calculate the remainder when 2069 is divided by 2059.
10
What is the remainder when 205 is divided by 167?
38
What is the remainder when 97 is divided by 19?
2
Calculate the remainder when 180 is divided by 61.
58
What is the remainder when 60 is divided by 13?
8
What is the remainder when 482 is divided by 223?
36
What is the remainder when 2471 is divided by 275?
271
Calculate the remainder when 31 is divided by 15.
1
Calculate the remainder when 855 is divided by 839.
16
Calculate the remainder when 730 is divided by 221.
67
What is the remainder when 74 is divided by 39?
35
What is the remainder when 1367 is divided by 137?
134
Calculate the remainder when 290 is divided by 281.
9
What is the remainder when 195 is divided by 55?
30
Calculate the remainder when 87 is divided by 35.
17
What is the remainder when 422 is divided by 106?
104
What is the remainder when 639 is divided by 17?
10
What is the remainder when 417 is divided by 202?
13
What is the remainder when 121 is divided by 22?
11
What is the remainder when 442 is divided by 44?
2
What is the remainder when 445 is divided by 34?
3
What is the remainder when 480 is divided by 41?
29
What is the remainder when 311 is divided by 52?
51
Calculate the remainder when 909 is divided by 83.
79
What is the remainder when 47 is divided by 23?
1
What is the remainder when 737 is divided by 20?
17
What is the remainder when 6524 is divided by 45?
44
What is the remainder when 336 is divided by 84?
0
What is the remainder when 64 is divided by 5?
4
Calculate the remainder when 726 is divided by 22.
0
Calculate the remainder when 2981 is divided by 2969.
12
Calculate the remainder when 429 is divided by 88.
77
What is the remainder when 6857 is divided by 98?
95
What is the remainder when 443 is divided by 48?
11
Calculate the remainder when 1303 is divided by 8.
7
What is the remainder when 137 is divided by 5?
2
What is the remainder when 476 is divided by 172?
132
What is the remainder when 144 is divided by 19?
11
What is the remainder when 1035 is divided by 212?
187
What is the remainder when 46 is divided by 5?
1
Calculate the remainder when 5242 is divided by 26.
16
Calculate the remainder when 126 is divided by 75.
51
Calculate the remainder when 3631 is divided by 23.
20
Calculate the remainder when 420 is divided by 25.
20
What is the remainder when 6279 is divided by 2092?
3
What is the remainder when 488 is divided by 98?
96
What is the remainder when 1723 is divided by 244?
15
What is the remainder when 501 is divided by 161?
18
Calculate the remainder when 217 is divided by 11.
8
What is the remainder when 88 is divided by 24?
16
Calculate the remainder when 677 is divided by 41.
21
Calculate the remainder when 155 is divided by 102.
53
What is the remainder when 413 is divided by 12?
5
What is the remainder when 135 is divided by 5?
0
What is the remainder when 180 is divided by 27?
18
What is the remainder when 28859 is divided by 31?
29
What is the remainder when 342 is divided by 23?
20
Calculate the remainder when 1818 is divided by 24.
18
What is the remainder when 146 is divided by 18?
2
What is the remainder when 186 is divided by 43?
14
Calculate the remainder when 3165 is divided by 77.
8
What is the remainder when 503 is divided by 36?
35
Calculate the remainder when 42 is divided by 16.
10
What is the remainder when 355 is divided by 72?
67
What is the remainder when 974 is divided by 123?
113
What is the remainder when 4865 is divided by 62?
29
Calculate the remainder when 198 is divided by 10.
8
What is the remainder when 235 is divided by 14?
11
What is the remainder when 34206 is divided by 311?
307
What is the remainder when 155 is divided by 28?
15
What is the remainder when 120 is divided by 14?
8
Calculate the remainder when 411 is divided by 86.
67
What is the remainder when 228 is divided by 4?
0
What is the remainder when 129 is divided by 48?
33
Calculate the remainder when 300 is divided by 18.
12
What is the remainder when 1084 is divided by 277?
253
Calculate the remainder when 437 is divided by 40.
37
What is the remainder when 56 is divided by 9?
2
